{"id":34,"date":"2016-05-02T23:55:14","date_gmt":"2016-05-02T21:55:14","guid":{"rendered":"http:\/\/33ppp.de\/tinamerica\/?page_id=34"},"modified":"2016-05-04T18:18:01","modified_gmt":"2016-05-04T16:18:01","slug":"das-ppp","status":"publish","type":"page","link":"https:\/\/33ppp.de\/tinamerica\/das-ppp\/","title":{"rendered":"PPP\/CBYX"},"content":{"rendered":"<p><a href=\"http:\/\/twitter.com\/share?url=https%3A%2F%2F33ppp.de%2Ftinamerica%2Fdas-ppp%2F&amp;count=none&amp;text=PPP\/CBYX - tinamerica\" class=\"twitter-share-button\">Tweet<\/a><\/p><p><img loading=\"lazy\" decoding=\"async\" class=\"size-full wp-image-104 aligncenter\" src=\"http:\/\/33ppp.de\/tinamerica\/wp-content\/uploads\/sites\/11\/2016\/04\/Unknown-8.jpeg\" alt=\"Unknown-8\" width=\"240\" height=\"145\" \/><\/p>\n<p>&nbsp;<\/p>\n<p style=\"text-align: center\"><span style=\"color: #003366\">\u00dcBER DAS PPP<\/span><\/p>\n<p>Das Parlamentarische Patenschafts-Programm wurde 1983 aus Anlass des 300. Jahrestages der ersten Deutschen Einwanderung gemeinsam vom Kongress der Vereinigten Staaten von Amerika und dem Deutschen Bundestag beschlossen. Dieses Austauschprogramm soll der jungen Generation in beiden L\u00e4ndern die Bedeutung freundschaftlicher Zusammenarbeit, die auf gemeinsamen politischen und kulturellen Wertevorstellungen beruht, auf anschauliche Weise vermitteln.<\/p>\n<p style=\"text-align: center\"><span style=\"color: #003366\">PROGRAMMZIELE<\/span><\/p>\n<p>\u2022 F\u00f6rderung des interkulturellen Verst\u00e4ndnisses von jungen Berufst\u00e4tigen durch das kennen lernen der amerikanischen\u00a0Kultur, Mentalit\u00e4t und Lebensweise<br \/>\n\u2022 Vertiefung der deutsch-amerikanischen Beziehungen<br \/>\n\u2022 Verbesserung der Fremdsprachenkenntnisse<br \/>\n\u2022 Erg\u00e4nzung von beruflichen Kenntnissen und Fertigkeiten<\/p>\n<p style=\"text-align: center\"><span style=\"color: #003366\">PROGRAMMABLAUF<\/span><\/p>\n<p>\u2022 Vorbereitungsseminare in Deutschland und New York<br \/>\n\u2022 Homestayprogramm und Einf\u00fchrungsphase ca. 2 Wochen<br \/>\n\u2022 Studium am Community College oder \u00e4hnlicher Bildungseinrichtung f\u00fcr 1 Semester<br \/>\n\u2022 Berufsbezogenes Praktikum, Dauer ca. 6 Monate<br \/>\n\u2022 Unterbringung in einer amerikanischen Gastfamilie<br \/>\n\u2022 Auswertungsseminare in Washington D.C. und Deutschland<\/p>\n<p style=\"text-align: center\"><span style=\"color: #003366\">TEILNAHMEVORAUSSETZUNGEN<\/span><\/p>\n<p>Junge Berufst\u00e4tige aus dem kaufm\u00e4nnischen, technischen, handwerklichen und landwirtschaftlichen Bereich mit abgeschlossener Berufsausbildung zum Zeitpunkt der Ausreise und mindestens 16 Jahre, aber h\u00f6chstens 24 Jahre alt sind.<\/p>\n<p>&nbsp;<\/p>\n<p style=\"text-align: center\"><span style=\"color: #003366\">Weitere Informationen zum Programm und zur Bewerbung findest du\u00a0<strong><a style=\"color: #003366\" href=\"http:\/\/usappp.de\">hier<\/a><\/strong>.<\/span><\/p>\n","protected":false},"excerpt":{"rendered":"<p class=\"excerpt\">Tweet &nbsp; \u00dcBER DAS PPP Das Parlamentarische Patenschafts-Programm wurde 1983 aus Anlass des 300. Jahrestages der ersten Deutschen Einwanderung gemeinsam vom Kongress der Vereinigten Staaten von Amerika und dem Deutschen Bundestag beschlossen. Dieses Austauschprogramm soll der jungen Generation in beiden L\u00e4ndern die Bedeutung freundschaftlicher Zusammenarbeit, die auf gemeinsamen politischen und kulturellen Wertevorstellungen beruht, auf anschauliche Weise vermitteln. PROGRAMMZIELE \u2022 F\u00f6rderung&hellip; <a href=\"https:\/\/33ppp.de\/tinamerica\/das-ppp\/\">Read more &rarr;<\/a><\/p>\n","protected":false},"author":12,"featured_media":0,"parent":0,"menu_order":1,"comment_status":"closed","ping_status":"closed","template":"","meta":{"ngg_post_thumbnail":0,"footnotes":""},"class_list":["post-34","page","type-page","status-publish","hentry","xfolkentry"],"jetpack_sharing_enabled":true,"_links":{"self":[{"href":"https:\/\/33ppp.de\/tinamerica\/wp-json\/wp\/v2\/pages\/34","targetHints":{"allow":["GET"]}}],"collection":[{"href":"https:\/\/33ppp.de\/tinamerica\/wp-json\/wp\/v2\/pages"}],"about":[{"href":"https:\/\/33ppp.de\/tinamerica\/wp-json\/wp\/v2\/types\/page"}],"author":[{"embeddable":true,"href":"https:\/\/33ppp.de\/tinamerica\/wp-json\/wp\/v2\/users\/12"}],"replies":[{"embeddable":true,"href":"https:\/\/33ppp.de\/tinamerica\/wp-json\/wp\/v2\/comments?post=34"}],"version-history":[{"count":17,"href":"https:\/\/33ppp.de\/tinamerica\/wp-json\/wp\/v2\/pages\/34\/revisions"}],"predecessor-version":[{"id":195,"href":"https:\/\/33ppp.de\/tinamerica\/wp-json\/wp\/v2\/pages\/34\/revisions\/195"}],"wp:attachment":[{"href":"https:\/\/33ppp.de\/tinamerica\/wp-json\/wp\/v2\/media?parent=34"}],"curies":[{"name":"wp","href":"https:\/\/api.w.org\/{rel}","templated":true}]}}