{"id":2,"date":"2016-06-22T10:57:34","date_gmt":"2016-06-22T08:57:34","guid":{"rendered":"http:\/\/33ppp.de\/thejourneymattersnotthedestination\/?page_id=2"},"modified":"2016-07-06T09:44:58","modified_gmt":"2016-07-06T07:44:58","slug":"sample-page","status":"publish","type":"page","link":"https:\/\/33ppp.de\/thejourneymattersnotthedestination\/about\/sample-page\/","title":{"rendered":"PPP\/CBYX"},"content":{"rendered":"<p><a href=\"http:\/\/twitter.com\/share?url=https%3A%2F%2F33ppp.de%2Fthejourneymattersnotthedestination%2Fabout%2Fsample-page%2F&amp;count=none&amp;text=PPP\/CBYX - the journey matters, not the destination\" class=\"twitter-share-button\">Tweet<\/a><\/p><p><img loading=\"lazy\" decoding=\"async\" class=\"size-full wp-image-38 aligncenter\" src=\"http:\/\/33ppp.de\/thejourneymattersnotthedestination\/wp-content\/uploads\/sites\/26\/2016\/06\/logo-data.jpg\" alt=\"logo-data\" width=\"182\" height=\"108\" \/><\/p>\n<p style=\"text-align: center\">PPP: Parlamentarische Patenschafts-Programm<\/p>\n<p style=\"text-align: left\">Als vor 300 Jahren die ersten deutschen Auswanderer \u00fcber den Atlantik nach Nordamerika kamen, begann f\u00fcr beide Staaten ein neues Kapitel des internationalen Austauschs. Der 300. Jahrestag der Einwanderung war f\u00fcr den Deutschen Bundestag und den Kongress der Vereinigten Staaten von Amerika daher 1983 ein willkommener Anlass, ein Programm ins Leben zu rufen, das diesen Austausch bereichert:<br \/>\ndas Parlamentarische Patenschafts-Programm \u2013 oder kurz PPP.<br \/>\nJedes Jahr werden 285 Sch\u00fclerinnen und Sch\u00fclern sowie 75 jungen Berufst\u00e4tigen die M\u00f6glichkeit gegeben mit einem Stipendium des Deutschen Bundestages und dem US-Congress ein Austauschjahr in den USA zu verbringen. Zeitgleich sind junge US-Amerikaner zu einem Austauschjahr zu Gast in Deutschland<br \/>\n(Programmname der USA: CBYX \u2013 Congress Bundestag Youth Exchange).<br \/>\nMitglieder des Deutschen Bundestages \u00fcbernehmen die Patenschaft f\u00fcr jeweils einen Teilnehmer.<br \/>\nIn der ersten H\u00e4lfte des Jahres besuchen die Stipendiaten des PPP f\u00fcr junge Berufst\u00e4tige ein College, in der zweiten Jahresh\u00e4lfte werden die Teilnehmer ein berufsbezogenes Praktikum absolvieren.<\/p>\n<p>Das Programm soll vor allem den interkulturellen Austausch zwischen Deutschland und der USA dienen.<\/p>\n<p>weitere Programmziele sind:<\/p>\n<ul>\n<li>Vertiefung der deutsch-amerikanischen Beziehungen<\/li>\n<li>F\u00f6rderung des Verst\u00e4ndnisses f\u00fcr eine andere Mentalit\u00e4t<\/li>\n<li>Abbau von Vorurteilen und Klischeevorstellungen<\/li>\n<li>Kennenlernen der historischen, wirtschaftlichen, politischen und gesellschaftlichen Entwicklung der USA<\/li>\n<li>Pers\u00f6nlichkeitsentwicklung des Individuums<\/li>\n<li>Erweiterung der Sprachkenntnisse<\/li>\n<li>Erweiterung der fachlichen und berufspraktischen Erfahrungen<\/li>\n<\/ul>\n<p>Ablauf des Programms:<\/p>\n<ul>\n<li>1 w\u00f6chiges Vorbereitungsseminar in Deutschland<\/li>\n<li>3-t\u00e4giges Vorbereitunsseminar in New York<\/li>\n<li>Situationsabh\u00e4ngig &#8222;Homestaytouren&#8220; zum Platzierungsort<\/li>\n<li>Besuch eines Community Colleges oder \u00e4hnlichen Bildungseinrichtungen f\u00fcr 1 Semester<\/li>\n<li>6 monatiges berufsbezogenes Praktikum<\/li>\n<li>Nachbereitungsseminar in Washington D.C und Deutschland<\/li>\n<\/ul>\n<p>-&gt; Unterbringung in einer Gastfamilie<\/p>\n<p>Teilnahmevoraussetzungen:<br \/>\nJunge Berufst\u00e4tige aus dem kaufm\u00e4nnischen, technischen, handwerklichen oder landwirtschaftlichen Bereich mit abgeschlossener Berufsausbildung zum Zeitpunkt der Ausreise.<br \/>\nAltersgrenze: 18 &#8211; 24 Jahren.<\/p>\n<p>Weitere Infos findet ihr hier:<br \/>\n<a href=\"https:\/\/www.giz.de\/de\/weltweit\/12884.html\">https:\/\/www.giz.de\/de\/weltweit\/12884.html<\/a><br \/>\n<a href=\"https:\/\/www.bundestag.de\/ppp\">https:\/\/www.bundestag.de\/ppp<\/a><\/p>\n","protected":false},"excerpt":{"rendered":"<p>Tweet PPP: Parlamentarische Patenschafts-Programm Als vor 300 Jahren die ersten deutschen Auswanderer \u00fcber den Atlantik nach Nordamerika kamen, begann f\u00fcr beide Staaten ein neues Kapitel des internationalen Austauschs. Der 300. Jahrestag der Einwanderung war f\u00fcr den Deutschen Bundestag und den Kongress der Vereinigten Staaten von Amerika daher 1983 ein willkommener Anlass, ein Programm ins Leben [&hellip;]<\/p>\n","protected":false},"author":27,"featured_media":0,"parent":94,"menu_order":10,"comment_status":"closed","ping_status":"closed","template":"","meta":{"ngg_post_thumbnail":0,"footnotes":""},"class_list":["post-2","page","type-page","status-publish","hentry"],"jetpack_sharing_enabled":true,"_links":{"self":[{"href":"https:\/\/33ppp.de\/thejourneymattersnotthedestination\/wp-json\/wp\/v2\/pages\/2","targetHints":{"allow":["GET"]}}],"collection":[{"href":"https:\/\/33ppp.de\/thejourneymattersnotthedestination\/wp-json\/wp\/v2\/pages"}],"about":[{"href":"https:\/\/33ppp.de\/thejourneymattersnotthedestination\/wp-json\/wp\/v2\/types\/page"}],"author":[{"embeddable":true,"href":"https:\/\/33ppp.de\/thejourneymattersnotthedestination\/wp-json\/wp\/v2\/users\/27"}],"replies":[{"embeddable":true,"href":"https:\/\/33ppp.de\/thejourneymattersnotthedestination\/wp-json\/wp\/v2\/comments?post=2"}],"version-history":[{"count":10,"href":"https:\/\/33ppp.de\/thejourneymattersnotthedestination\/wp-json\/wp\/v2\/pages\/2\/revisions"}],"predecessor-version":[{"id":44,"href":"https:\/\/33ppp.de\/thejourneymattersnotthedestination\/wp-json\/wp\/v2\/pages\/2\/revisions\/44"}],"up":[{"embeddable":true,"href":"https:\/\/33ppp.de\/thejourneymattersnotthedestination\/wp-json\/wp\/v2\/pages\/94"}],"wp:attachment":[{"href":"https:\/\/33ppp.de\/thejourneymattersnotthedestination\/wp-json\/wp\/v2\/media?parent=2"}],"curies":[{"name":"wp","href":"https:\/\/api.w.org\/{rel}","templated":true}]}}