{"id":18,"date":"2016-06-22T22:35:38","date_gmt":"2016-06-22T20:35:38","guid":{"rendered":"http:\/\/33ppp.de\/thejourneymattersnotthedestination\/?page_id=18"},"modified":"2016-07-29T18:00:10","modified_gmt":"2016-07-29T16:00:10","slug":"ueber-mich","status":"publish","type":"page","link":"https:\/\/33ppp.de\/thejourneymattersnotthedestination\/about\/ueber-mich\/","title":{"rendered":"Joshi"},"content":{"rendered":"<p><a href=\"http:\/\/twitter.com\/share?url=https%3A%2F%2F33ppp.de%2Fthejourneymattersnotthedestination%2Fabout%2Fueber-mich%2F&amp;count=none&amp;text=Joshi - the journey matters, not the destination\" class=\"twitter-share-button\">Tweet<\/a><\/p><p>Wer bin ich? Wo komme ich her? Und was zum Teufel mache ich hier?<\/p>\n<p>Erfahrt es:<br \/>\n-&gt; mein Name ist Joshua, ich bin 20 Jahre alt und von Beruf Industriekaufmann.<img loading=\"lazy\" decoding=\"async\" class=\"size-medium wp-image-22 alignright\" src=\"http:\/\/33ppp.de\/thejourneymattersnotthedestination\/wp-content\/uploads\/sites\/26\/2016\/06\/PicsArt_1462809814592-Kopie-300x200.jpg\" alt=\"PicsArt_1462809814592 - Kopie\" width=\"300\" height=\"200\" srcset=\"https:\/\/33ppp.de\/thejourneymattersnotthedestination\/wp-content\/uploads\/sites\/26\/2016\/06\/PicsArt_1462809814592-Kopie-300x200.jpg 300w, https:\/\/33ppp.de\/thejourneymattersnotthedestination\/wp-content\/uploads\/sites\/26\/2016\/06\/PicsArt_1462809814592-Kopie-768x512.jpg 768w, https:\/\/33ppp.de\/thejourneymattersnotthedestination\/wp-content\/uploads\/sites\/26\/2016\/06\/PicsArt_1462809814592-Kopie-1024x683.jpg 1024w\" sizes=\"auto, (max-width: 300px) 100vw, 300px\" \/><br \/>\nIch wohne in einem kleinen 230 Einwohner-D\u00f6rfchen im \u00f6stlichen Teil von NRW, im sch\u00f6nen Weserbergland.<br \/>\nBald schon hei\u00dft es jedoch f\u00fcr mich: tsch\u00fcss Deutschland &#8211; hello USA!<br \/>\nDenn ich werde als Teilnehmer des 33.PPP f\u00fcr ein Jahr meiner Heimat den R\u00fccken kehren und mich w\u00e4hrend dieser Zeit neuen Herausforderungen in der gro\u00dfen weiten Welt&#8230;&#8230;naja &#8222;nur&#8220; in der USA stellen.<br \/>\nF\u00fcr mich als Dorfkind allerdings schon eine ziemlich <em>gro\u00dfe weite Welt!<\/em><\/p>\n<p>Platzierung: Tucson, Arizona<br \/>\nCollege: Pima Community College<\/p>\n<p>In diesem blog werde ich versuchen, euch w\u00e4hrend meines Auslandsjahres regelm\u00e4\u00dfig mit neuen Eindr\u00fccken und Erlebnissen zu f\u00fcttern und euch so auf dem neuesten Stand halten.<\/p>\n<p>Viel Spa\u00df beim Lesen!<\/p>\n<p style=\"text-align: left\"><em>Falls ihr mich nicht nur lesen wollt, sondern auch sehen m\u00f6chtet was ich erlebe, schaut mal hier:<br \/>\n<\/em><em>Instagram -&gt; <a href=\"https:\/\/www.instagram.com\/joshi_kie\/\">joshi_kie<\/a><\/em><\/p>\n","protected":false},"excerpt":{"rendered":"<p>TweetWer bin ich? Wo komme ich her? Und was zum Teufel mache ich hier? Erfahrt es: -&gt; mein Name ist Joshua, ich bin 20 Jahre alt und von Beruf Industriekaufmann. Ich wohne in einem kleinen 230 Einwohner-D\u00f6rfchen im \u00f6stlichen Teil von NRW, im sch\u00f6nen Weserbergland. Bald schon hei\u00dft es jedoch f\u00fcr mich: tsch\u00fcss Deutschland &#8211; [&hellip;]<\/p>\n","protected":false},"author":27,"featured_media":0,"parent":94,"menu_order":20,"comment_status":"closed","ping_status":"closed","template":"","meta":{"ngg_post_thumbnail":0,"footnotes":""},"class_list":["post-18","page","type-page","status-publish","hentry"],"jetpack_sharing_enabled":true,"_links":{"self":[{"href":"https:\/\/33ppp.de\/thejourneymattersnotthedestination\/wp-json\/wp\/v2\/pages\/18","targetHints":{"allow":["GET"]}}],"collection":[{"href":"https:\/\/33ppp.de\/thejourneymattersnotthedestination\/wp-json\/wp\/v2\/pages"}],"about":[{"href":"https:\/\/33ppp.de\/thejourneymattersnotthedestination\/wp-json\/wp\/v2\/types\/page"}],"author":[{"embeddable":true,"href":"https:\/\/33ppp.de\/thejourneymattersnotthedestination\/wp-json\/wp\/v2\/users\/27"}],"replies":[{"embeddable":true,"href":"https:\/\/33ppp.de\/thejourneymattersnotthedestination\/wp-json\/wp\/v2\/comments?post=18"}],"version-history":[{"count":17,"href":"https:\/\/33ppp.de\/thejourneymattersnotthedestination\/wp-json\/wp\/v2\/pages\/18\/revisions"}],"predecessor-version":[{"id":146,"href":"https:\/\/33ppp.de\/thejourneymattersnotthedestination\/wp-json\/wp\/v2\/pages\/18\/revisions\/146"}],"up":[{"embeddable":true,"href":"https:\/\/33ppp.de\/thejourneymattersnotthedestination\/wp-json\/wp\/v2\/pages\/94"}],"wp:attachment":[{"href":"https:\/\/33ppp.de\/thejourneymattersnotthedestination\/wp-json\/wp\/v2\/media?parent=18"}],"curies":[{"name":"wp","href":"https:\/\/api.w.org\/{rel}","templated":true}]}}