{"id":63,"date":"2016-06-28T16:59:18","date_gmt":"2016-06-28T14:59:18","guid":{"rendered":"http:\/\/33ppp.de\/marcel\/?page_id=63"},"modified":"2016-07-06T21:51:08","modified_gmt":"2016-07-06T19:51:08","slug":"ppp-cbyx","status":"publish","type":"page","link":"https:\/\/33ppp.de\/marcel\/ppp-cbyx-2\/ppp-cbyx\/","title":{"rendered":"Info PPP \/ CBYX"},"content":{"rendered":"<p><a href=\"http:\/\/twitter.com\/share?url=https%3A%2F%2F33ppp.de%2Fmarcel%2Fppp-cbyx-2%2Fppp-cbyx%2F&amp;count=none&amp;text=Info PPP \/ CBYX - American_Dream\" class=\"twitter-share-button\">Tweet<\/a><\/p><p><strong> <img data-recalc-dims=\"1\" loading=\"lazy\" decoding=\"async\" data-attachment-id=\"65\" data-permalink=\"https:\/\/33ppp.de\/marcel\/ppp-cbyx-2\/ppp-cbyx\/img_0241-2\/\" data-orig-file=\"https:\/\/i0.wp.com\/33ppp.de\/marcel\/wp-content\/uploads\/sites\/12\/2016\/06\/IMG_0241-1.jpg?fit=182%2C108&amp;ssl=1\" data-orig-size=\"182,108\" data-comments-opened=\"0\" data-image-meta=\"{&quot;aperture&quot;:&quot;0&quot;,&quot;credit&quot;:&quot;&quot;,&quot;camera&quot;:&quot;&quot;,&quot;caption&quot;:&quot;&quot;,&quot;created_timestamp&quot;:&quot;0&quot;,&quot;copyright&quot;:&quot;&quot;,&quot;focal_length&quot;:&quot;0&quot;,&quot;iso&quot;:&quot;0&quot;,&quot;shutter_speed&quot;:&quot;0&quot;,&quot;title&quot;:&quot;&quot;,&quot;orientation&quot;:&quot;0&quot;}\" data-image-title=\"IMG_0241\" data-image-description=\"\" data-image-caption=\"\" data-medium-file=\"https:\/\/i0.wp.com\/33ppp.de\/marcel\/wp-content\/uploads\/sites\/12\/2016\/06\/IMG_0241-1.jpg?fit=182%2C108&amp;ssl=1\" data-large-file=\"https:\/\/i0.wp.com\/33ppp.de\/marcel\/wp-content\/uploads\/sites\/12\/2016\/06\/IMG_0241-1.jpg?fit=182%2C108&amp;ssl=1\" class=\"size-full wp-image-65 aligncenter\" src=\"https:\/\/i0.wp.com\/33ppp.de\/marcel\/wp-content\/uploads\/sites\/12\/2016\/06\/IMG_0241-1.jpg?resize=182%2C108\" alt=\"IMG_0241\" width=\"182\" height=\"108\" \/> <\/strong><\/p>\n<p>&nbsp;<\/p>\n<p><strong>P<\/strong><strong>arlamentarisches Patenschafts-Programm f\u00fcr junge Berufst\u00e4tige (PPP)\u00a0<\/strong><\/p>\n<p>Das Parlamentarische Patenschafts-Programm (PPP) wurde aus Anlass des 300. Jahrestages der ersten deutschen Einwanderung nach Nordamerika vom Kongress der Vereinigten Staaten von Amerikaund vom Deutschen Bundestag beschlossen. Das Programm wendet sich an Sch\u00fcler und junge Berufst\u00e4tige. Mitglieder des Deutschen Bundestages \u00fcbernehmen die Patenschaft \u00fcber jeweils einen Teilnehmer. Mit der Programmdurchf\u00fchrung f\u00fcr die jungen Berufst\u00e4tigen beauftragte der Deutsche Bundestag die Deutsche Gesellschaft f\u00fcr Internationale Zusammenarbeit (GIZ) GmbH.<\/p>\n<p><strong>Programmziele<\/strong><\/p>\n<p>Das Parlamentarische Patenschafts-Programm (PPP) dient der \/ dem<\/p>\n<ul style=\"text-align: justify\">\n<li>Vertiefung der deutsch-amerikanischen Beziehungen<\/li>\n<\/ul>\n<ul style=\"text-align: justify\">\n<li>F\u00f6rderung des Verst\u00e4ndnisses f\u00fcr eine andere Mentalit\u00e4t<\/li>\n<\/ul>\n<ul style=\"text-align: justify\">\n<li>Abbau von Vorurteilen und Klischeevorstellungen<\/li>\n<\/ul>\n<ul style=\"text-align: justify\">\n<li>Kennenlernen der historischen, wirtschaftlichen, politischen und gesellschaftlichen Entwicklung der USA<\/li>\n<\/ul>\n<ul style=\"text-align: justify\">\n<li>Pers\u00f6nlichkeitsentwicklung des Individuums<\/li>\n<\/ul>\n<ul style=\"text-align: justify\">\n<li>Erweiterung der Sprachkenntnisse sowie der fachlichen und berufspraktischen Erfahrungen.<\/li>\n<\/ul>\n<p><strong>Bewerberkreis\u00a0<\/strong><\/p>\n<ul style=\"text-align: justify\">\n<li>Junge Berufst\u00e4tige im letzten Ausbildungsjahr bzw. mit abgeschlossener Berufsausbildung<\/li>\n<\/ul>\n<ul style=\"text-align: justify\">\n<li>Schwerpunkt: handwerkliche, technische und kaufm\u00e4nnische Berufe<\/li>\n<\/ul>\n<ul style=\"text-align: justify\">\n<li>au\u00dferdem junge Landwirte und Winzer<\/li>\n<\/ul>\n<p><strong>Teilnahmevoraussetzungen<\/strong><\/p>\n<ul style=\"text-align: justify\">\n<li>Abgeschlossene Berufsausbildung zum Zeitpunkt der Ausreise;Landwirte und Winzer m\u00fcssen Ausbildung zumindest begonnen haben.<\/li>\n<\/ul>\n<ul style=\"text-align: justify\">\n<li>Altersgrenze bis 24 Jahre:<\/li>\n<\/ul>\n<ul style=\"text-align: justify\">\n<li>Jugendliche, die beabsichtigen, einen freiwilligen Wehr-, Zivildienst oder anderen Freiwilligendienst zu leisten, haben sicherzustellen, dass dieser Dienst nicht in die Zeit des Auslandsaufenthaltes f\u00e4llt.<\/li>\n<\/ul>\n<ul style=\"text-align: justify\">\n<li>kein Kind oder Pflegekind eines\/einer Bundestagsabgeordneten<\/li>\n<\/ul>\n<ul style=\"text-align: justify\">\n<li>keine amerikanische Staatsb\u00fcrgerschaft<\/li>\n<\/ul>\n<ul style=\"text-align: justify\">\n<li>gute Grundkenntnisse der englischen Sprache. Es m\u00fcssen mindestens drei Schuljahre Englisch nachgewiesen werden.<\/li>\n<\/ul>\n<ul style=\"text-align: justify\">\n<li>gesundheitliche Eignung: Der Bewerber muss gesundheitlich in der Lage sein, alle Programmteile in den USA absolvieren zu k\u00f6nnen.<\/li>\n<\/ul>\n<p><strong>Programmablauf<\/strong><\/p>\n<ul style=\"text-align: justify\">\n<li>Einsenden der Bewerbungsunterlagen<\/li>\n<\/ul>\n<ul style=\"text-align: justify\">\n<li>Auswahltagung<\/li>\n<\/ul>\n<ul style=\"text-align: justify\">\n<li>Mitteilung \u00fcber Programmteilnahme oder -nichtteilnahme<\/li>\n<\/ul>\n<ul style=\"text-align: justify\">\n<li>Vorbereitung in Form von siebent\u00e4gigen regionalen Vorbereitungsseminaren in Gruppen.<\/li>\n<\/ul>\n<ul style=\"text-align: justify\">\n<li>Ausreise und Orientierungsseminar in New York mit der Partnerorganisation. Im Anschluss erfolgt die Weiterreise zum Platzierungsort.<\/li>\n<\/ul>\n<ul style=\"text-align: justify\">\n<li>Studienzeit in Community Colleges, Junior Colleges, Technical Schools oder andere Bildungseinrichtungen; berufsbezogene Kurse. Die Teilnehmer verpflichten sich, in dieser Zeit auch mind. 40 Stunden in gemeinn\u00fctzigen Projekten mitzuarbeiten.<\/li>\n<\/ul>\n<ul style=\"text-align: justify\">\n<li>Arbeiten in einem amerikanischen Unternehmen.<\/li>\n<\/ul>\n<ul style=\"text-align: justify\">\n<li>Abschlussseminar in Washington und R\u00fcckreise nach Deutschland.<\/li>\n<\/ul>\n<ul style=\"text-align: justify\">\n<li>Viert\u00e4giges Nachbereitungsseminar in Deutschland zur Auswertung.<\/li>\n<\/ul>\n<p><strong>Leistungen von GIZ und Partnerorganisation<\/strong><\/p>\n<ul style=\"text-align: justify\">\n<li>7-t\u00e4giges Vorbereitungsseminar<\/li>\n<\/ul>\n<ul style=\"text-align: justify\">\n<li>Hin- und R\u00fcckflug Deutschland &#8211; USA sowie programmgebundene inneramerikanische Reisekosten<\/li>\n<\/ul>\n<ul style=\"text-align: justify\">\n<li>Kranken- und Unfallversicherung in den USA<\/li>\n<\/ul>\n<ul style=\"text-align: justify\">\n<li>Studiengeb\u00fchren<\/li>\n<\/ul>\n<ul style=\"text-align: justify\">\n<li>Zusch\u00fcsse an die Gastfamilien w\u00e4hrend der Studienzeit bis Praktikumsbeginn<\/li>\n<\/ul>\n<ul>\n<li style=\"text-align: justify\">4-t\u00e4giges Nachbereitungsseminar (Unterkunft und Verpflegung, Fahrtkostenerstattung)<\/li>\n<\/ul>\n<p>Genauere Informationen zum PPP findet ihr <a href=\"http:\/\/usappp.de\">hier<\/a>.<\/p>\n","protected":false},"excerpt":{"rendered":"<p>Tweet &nbsp; Parlamentarisches Patenschafts-Programm f\u00fcr junge Berufst\u00e4tige (PPP)\u00a0 Das Parlamentarische Patenschafts-Programm (PPP) wurde aus Anlass des 300. Jahrestages der ersten deutschen Einwanderung nach Nordamerika vom Kongress der Vereinigten Staaten von Amerikaund vom Deutschen Bundestag beschlossen. Das Programm wendet sich an Sch\u00fcler und junge Berufst\u00e4tige. Mitglieder des Deutschen Bundestages \u00fcbernehmen die Patenschaft \u00fcber jeweils einen Teilnehmer. &#8230; <span class=\"more\"><a class=\"more-link\" href=\"https:\/\/33ppp.de\/marcel\/ppp-cbyx-2\/ppp-cbyx\/\">[Read more&#8230;]<\/a><\/span><\/p>\n","protected":false},"author":13,"featured_media":0,"parent":118,"menu_order":2,"comment_status":"closed","ping_status":"closed","template":"","meta":{"ngg_post_thumbnail":0,"jetpack_post_was_ever_published":false,"footnotes":""},"class_list":["entry","page","publish","author-marcel","post-63"],"jetpack_sharing_enabled":true,"jetpack_shortlink":"https:\/\/wp.me\/P7G5ER-11","jetpack-related-posts":[{"id":116,"url":"https:\/\/33ppp.de\/marcel\/about\/meinen-patenabgeordneten\/","url_meta":{"origin":63,"position":0},"title":"Mein Patenabgeordneter","author":"Marcel","date":"Juni 28, 2016","format":false,"excerpt":"Bei dem\u00a0Parlamentarischen Patenschafts-Programm (\"PPP\") sind die Bundestagsabgeordneten in ihrem Wahlkreis (wenn dieser im PPP vertreten ist) daf\u00fcr zust\u00e4ndig in der letzten Bewerbungsphase einen von mehreren Kandidaten, die ihnen durch vorherige Auswahlverfahren von der GIZ ausgew\u00e4hlt wurden, auszuw\u00e4hlen und somit die Patenschaft f\u00fcr den Stipendiaten zu \u00fcbernehmen. Er gibt dem Stipendiaten\u2026","rel":"","context":"\u00c4hnlicher Beitrag","block_context":{"text":"\u00c4hnlicher Beitrag","link":""},"img":{"alt_text":"Verabschiedung 1 - Kopie","src":"https:\/\/i0.wp.com\/33ppp.de\/marcel\/wp-content\/uploads\/sites\/12\/2016\/06\/Verabschiedung-1-Kopie-300x235.jpg?resize=350%2C200","width":350,"height":200},"classes":[]},{"id":49,"url":"https:\/\/33ppp.de\/marcel\/about\/me\/","url_meta":{"origin":63,"position":1},"title":"\u00dcber Mich","author":"Marcel","date":"Juni 28, 2016","format":false,"excerpt":"Hey\u00a0Leute, ihr fragt euch sicherlich mit wem ihr es hier zutun habt. Naja eigentlich ganz einfach, mit mir eben, Marcel, 21 Jahre, seit Februar ausgelernter Elektroniker f\u00fcr Energie- & Geb\u00e4udetechnik und wohne in der Ostsee...naja, so fast.. eigentlich auf der Ostseeinsel Fehmarn im Bundesland Schleswig-Holstein. \u270c\ud83c\udffd Fehmarn Meer. Sand. Strand.\u2026","rel":"","context":"\u00c4hnlicher Beitrag","block_context":{"text":"\u00c4hnlicher Beitrag","link":""},"img":{"alt_text":"DCIM100GOPROG0196641.","src":"https:\/\/i0.wp.com\/33ppp.de\/marcel\/wp-content\/uploads\/sites\/12\/2016\/06\/G0196641-300x169.jpg?resize=350%2C200","width":350,"height":200},"classes":[]},{"id":52,"url":"https:\/\/33ppp.de\/marcel\/mail\/","url_meta":{"origin":63,"position":2},"title":"Mail","author":"Marcel","date":"Juni 28, 2016","format":false,"excerpt":"F\u00fcr Anregungen, Fragen etc. k\u00f6nnt ihr mich \u00fcber die E-Mail-Adresse erreichen. E-Mail: american.dream@gmx.net \u00a0","rel":"","context":"\u00c4hnlicher Beitrag","block_context":{"text":"\u00c4hnlicher Beitrag","link":""},"img":{"alt_text":"","src":"","width":0,"height":0},"classes":[]}],"_links":{"self":[{"href":"https:\/\/33ppp.de\/marcel\/wp-json\/wp\/v2\/pages\/63","targetHints":{"allow":["GET"]}}],"collection":[{"href":"https:\/\/33ppp.de\/marcel\/wp-json\/wp\/v2\/pages"}],"about":[{"href":"https:\/\/33ppp.de\/marcel\/wp-json\/wp\/v2\/types\/page"}],"author":[{"embeddable":true,"href":"https:\/\/33ppp.de\/marcel\/wp-json\/wp\/v2\/users\/13"}],"replies":[{"embeddable":true,"href":"https:\/\/33ppp.de\/marcel\/wp-json\/wp\/v2\/comments?post=63"}],"version-history":[{"count":7,"href":"https:\/\/33ppp.de\/marcel\/wp-json\/wp\/v2\/pages\/63\/revisions"}],"predecessor-version":[{"id":221,"href":"https:\/\/33ppp.de\/marcel\/wp-json\/wp\/v2\/pages\/63\/revisions\/221"}],"up":[{"embeddable":true,"href":"https:\/\/33ppp.de\/marcel\/wp-json\/wp\/v2\/pages\/118"}],"wp:attachment":[{"href":"https:\/\/33ppp.de\/marcel\/wp-json\/wp\/v2\/media?parent=63"}],"curies":[{"name":"wp","href":"https:\/\/api.w.org\/{rel}","templated":true}]}}