{"id":127,"date":"2016-07-22T15:47:14","date_gmt":"2016-07-22T15:47:14","guid":{"rendered":"http:\/\/33ppp.de\/ayearofhappiness\/?page_id=127"},"modified":"2016-09-15T05:02:51","modified_gmt":"2016-09-15T05:02:51","slug":"karte","status":"publish","type":"page","link":"https:\/\/33ppp.de\/ayearofhappiness\/karte\/","title":{"rendered":"KARTE"},"content":{"rendered":"<p><a href=\"http:\/\/twitter.com\/share?url=https%3A%2F%2F33ppp.de%2Fayearofhappiness%2Fkarte%2F&amp;count=none&amp;text=KARTE - A year of happiness\" class=\"twitter-share-button\">Tweet<\/a><\/p><p style=\"text-align: center\">Auf dieser Seite findet ihr eine Karte mit allen Orten, die ich w\u00e4hrend meines Auslandsjahres besucht habe. Verzeiht die schlechte Qualit\u00e4t der Karte (Hat jemand eine L\u00f6sung?) &#8211; f\u00fcr mehr Informationen einfach anklicken!<\/p>\n<p style=\"text-align: center\"><a href=\"https:\/\/www.google.com\/maps\/d\/viewer?hl=de&amp;authuser=0&amp;mid=1TonJa4055uFcWOd3d1bGC7xA1CE\"><img loading=\"lazy\" decoding=\"async\" class=\"alignnone size-medium wp-image-241\" src=\"http:\/\/33ppp.de\/ayearofhappiness\/wp-content\/uploads\/sites\/14\/2016\/07\/map-1-300x144.jpg\" alt=\"map\" width=\"300\" height=\"144\" srcset=\"https:\/\/33ppp.de\/ayearofhappiness\/wp-content\/uploads\/sites\/14\/2016\/07\/map-1-300x144.jpg 300w, https:\/\/33ppp.de\/ayearofhappiness\/wp-content\/uploads\/sites\/14\/2016\/07\/map-1-768x369.jpg 768w, https:\/\/33ppp.de\/ayearofhappiness\/wp-content\/uploads\/sites\/14\/2016\/07\/map-1.jpg 882w\" sizes=\"auto, (max-width: 300px) 100vw, 300px\" \/><\/a><\/p>\n<p style=\"text-align: center\">1. New York City<\/p>\n<p style=\"text-align: center\">2. Washington DC<\/p>\n<p style=\"text-align: center\">3. Charlotte, NC \/ Fort Mill, SC<\/p>\n<p style=\"text-align: center\">4. Charlottesville, VA<\/p>\n","protected":false},"excerpt":{"rendered":"<p>TweetAuf dieser Seite findet ihr eine Karte mit allen Orten, die ich w\u00e4hrend meines Auslandsjahres besucht habe. Verzeiht die schlechte Qualit\u00e4t der Karte (Hat jemand eine L\u00f6sung?) &#8211; f\u00fcr mehr Informationen einfach anklicken! 1. New York City 2. Washington DC 3. Charlotte, NC \/ Fort Mill, SC 4. Charlottesville, VA<\/p>\n","protected":false},"author":15,"featured_media":0,"parent":0,"menu_order":0,"comment_status":"closed","ping_status":"closed","template":"","meta":{"ngg_post_thumbnail":0,"footnotes":""},"class_list":["post-127","page","type-page","status-publish","hentry"],"_links":{"self":[{"href":"https:\/\/33ppp.de\/ayearofhappiness\/wp-json\/wp\/v2\/pages\/127","targetHints":{"allow":["GET"]}}],"collection":[{"href":"https:\/\/33ppp.de\/ayearofhappiness\/wp-json\/wp\/v2\/pages"}],"about":[{"href":"https:\/\/33ppp.de\/ayearofhappiness\/wp-json\/wp\/v2\/types\/page"}],"author":[{"embeddable":true,"href":"https:\/\/33ppp.de\/ayearofhappiness\/wp-json\/wp\/v2\/users\/15"}],"replies":[{"embeddable":true,"href":"https:\/\/33ppp.de\/ayearofhappiness\/wp-json\/wp\/v2\/comments?post=127"}],"version-history":[{"count":23,"href":"https:\/\/33ppp.de\/ayearofhappiness\/wp-json\/wp\/v2\/pages\/127\/revisions"}],"predecessor-version":[{"id":243,"href":"https:\/\/33ppp.de\/ayearofhappiness\/wp-json\/wp\/v2\/pages\/127\/revisions\/243"}],"wp:attachment":[{"href":"https:\/\/33ppp.de\/ayearofhappiness\/wp-json\/wp\/v2\/media?parent=127"}],"curies":[{"name":"wp","href":"https:\/\/api.w.org\/{rel}","templated":true}]}}